, -200 = -5*t - a - 0*a. Suppose -36*x + t*x + 24 = 0. Let v(k) = k**3 + 7*k**2 + 8*k - 1. Give v(x).
-13
Let y(b) = 160 - 38*b + 0*b**2 - 33 - 52 - 56 + 3*b**2. Determine y(12).
-5
Suppose -9 = -2*w - w. Suppose 0 = -w*l + 32 - 293. Let h be 6/(-30) + l/15. Let k(m) = 2*m + 9. Determine k(h).
-3
Let l(m) = -3*m**3 - 25*m**2 + 51*m - 3. Let h be l(-10). Let c(p) = p**2 + 12*p - 10. What is c(h)?
3
Let a(i) be the third derivative of -i**6/120 + 2*i**5/15 + 7*i**4/24 - i**3/6 + 827*i**2. What is a(8)?
55
Let o(x) = 6*x**2 - x**2 - 9 - 4*x**2 - 4*x. Let n = -15 - -20. Suppose -3*u + n + 19 = 0. Calculate o(u).
23
Let q(w) be the second derivative of -1/20*w**5 - 1/3*w**3 - 17 - 1/2*w**4 - 3/2*w**2 + 2*w. Calculate q(-6).
9
Let x(t) be the second derivative of t**5/20 + 7*t**4/6 + 13*t**3/6 - t**2 + 353*t - 2. Determine x(-12).
130
Let x(h) = 13 + 6*h + 6 - 30. Let n be 2*6/(-24)*-6. Give x(n).
7
Suppose 18 = 13*q - 7*q. Let c(b) = 8*b - 4*b - 4 - 5*b + q. Determine c(-1).
0
Suppose -4*m + c = -2*c - 586, 0 = 5*m + 3*c - 746. Let j(t) = -155*t - 7*t**2 + m*t + 8*t**2 + 2. Calculate j(3).
-10
Let p(l) = 2*l + 2. Suppose 4*y + 0*y = -148. Let x = 39 + y. Suppose 5*q - v + 5*v = -14, x*q + 3 = v. Give p(q).
-2
Let q(h) = -20*h**2 + 5*h - 22. Let n be 2 - (-5 + (5 - -4)). Let m(z) = 5*z**2 - z + 5. Let b(s) = n*q(s) - 9*m(s). What is b(-2)?
-19
Let u(d) be the first derivative of -d**3/3 + 4*d - 34. Let i(s) = -s**3 + 3*s**2 - 7*s + 7. Let m be i(2). Determine u(m).
-5
Let u(h) = h**2 + 4*h - 5. Suppose -3*i + 5 - 17 = 0, 3*z - 5*i - 29 = 0. Suppose -5 - 7 = z*s. Calculate u(s).
-5
Let q(l) = 181*l + 282. Let r(x) = -31*x - 47. Let d(b) = -3*q(b) - 17*r(b). Calculate d(-4).
17
Let g(w) = -4*w - 1. Suppose -4*f - 4*q + 28 = 0, f - 4*q = 4*f - 26. Let t(n) = -9*n**2 + 12*n - 6*n**f + 1 + 2*n + n**3. Let a be t(14). What is g(a)?
-5
Let a(t) = -19*t**2 + 96*t - 6. Suppose 623*y - 513*y = 550. Give a(y).
-1
Let q be 62 + -1 + (17 - 9 - 9). Let a(p) = 21*p**2 + 32*p**2 + 1 + 2*p - q*p**2 + p**3 - 1. What is a(7)?
14
Suppose l = l - 8*l. Let n(d) = -6*d + 3*d - 14 + 4 + 1 + 2*d. Determine n(l).
-9
Let f be (-206)/30 + (-24)/180. Let c(m) = 11*m**3 - 15*m**2 + 5*m - 34. Let z(i) = 3*i**3 - 5*i**2 + 2*i - 11. Let y(s) = f*z(s) + 2*c(s). What is y(-6)?
-3
Let t(j) be the third derivative of 0*j - 2*j**2 - 1/3*j**3 + 90 - 1/12*j**4. Calculate t(-11).
20
Let l(w) be the third derivative of -w**6/120 - 2*w**5/15 - 5*w**3/3 + 4*w**2. Suppose -2*s = -a + 21, -2*s - 42 = a - 31. Give l(s).
-10
Let i(k) = -4*k + 17. Let x(g) = 5*g - 20. Suppose -34 = -19*c + 23. Let w(b) = c*x(b) + 4*i(b). What is w(7)?
1
Let s(m) = -5*m**3 - 3*m**2 - m + 1. Let x(i) = -383*i + 3066. Let n be x(8). Give s(n).
-53
Let n(x) be the first derivative of -8*x**3/3 - x**2 - 18*x + 322. Let g(c) = c**2 + c + 5. Let v(s) = -4*g(s) - n(s). Determine v(-1).
4
Let c(u) be the third derivative of -1/3*u**4 - 2/15*u**5 - 1/2*u**3 + 1/120*u**6 + 0 + 16*u**2 + 2*u. Calculate c(9).
6
Let b(u) = -15*u - 1. Suppose 0 = 5*c + 3*p + 315, 5*c + 0*p + 315 = 5*p. Let m = -62 - c. Calculate b(m).
-16
Suppose 6*w - 3*g - 26 = 5*w, -3*w + 66 = -3*g. Let u(j) = j**2 - 17*j - 21. What is u(w)?
39
Let b = -1491 + 1490. Let a(o) = 5*o**2 - 2*o - 3. Determine a(b).
4
Suppose 2*r + 130 = -3*b + 104, -2*r + 10 = -3*b. Let q(o) be the second derivative of o**5/20 + 5*o**4/12 - 2*o**3/3 - 2*o**2 - 3*o. Calculate q(b).
-16
Suppose 0 = 86*a + 22*a - 2268. Let h(f) = f**2 - 18*f - 30. Determine h(a).
33
Let w = 1394 - 2109. Let h = w - -712. Let n(u) = -3*u**3 - 3*u**2 + u - 4. Calculate n(h).
47
Let y = 1671 + -1664. Let o(k) = 4*k**3 - 27*k**2 - 7*k - 3. Determine o(y).
-3
Suppose -j + 5*j + 5 = -n, -2*j + 2*n = 0. Let x be ((-1)/(-3))/(1/9) + j. Suppose -x = g - 3*b + 1, 0 = 3*b - 3. Let w(h) = -h**2 - h + 1. Calculate w(g).
1
Let s(z) be the third derivative of z**6/120 + 7*z**5/20 - 3*z**4/4 + 37*z**3/3 - 4322*z**2. Give s(-22).
-14
Let p be -1*((-5 - 0) + 42). Let i = 37 + p. Let r(y) = y**2 - y - 1. Let j(u) = -2*u**2 + 2*u - 3. Let w(g) = j(g) + 3*r(g). Determine w(i).
-6
Let u(y) = y - 3. Let g be u(2). Suppose -2*c = -4*b + 6, 3*b - 4 - 14 = -3*c. Let a(z) = -z**b + 3*z**2 - 256 + 255 - z**2. Calculate a(g).
2
Let r = -3 - -9. Suppose g = 5*m - 78, 0 = 3*g + 9. Let n(y) = -43 + 15 + 3*y + m + 15. Calculate n(r).
20
Let s(p) = -16*p**2 + 38*p - 196. Let w(i) = 21*i**2 - 39*i + 194. Let n(u) = 4*s(u) + 3*w(u). What is n(7)?
-6
Let n(c) = 13*c**3 - 42*c**2 - 15*c + 25. Let u(x) = -37*x**3 + 121*x**2 + 45*x - 73. Let j(f) = -17*n(f) - 6*u(f). What is j(13)?
-13
Let j(r) = -3*r + 10. Let u be (-50)/15*18/(-10). Give j(u).
-8
Suppose 0 = -6*h + h + 4*t + 24, -h + 5 = -t. Let m(z) = 401 + 3*z - h*z - 405. Give m(4).
-8
Let p = 120 + -100. Let k(f) = -9*f**3 - 12*f**3 - 9 + p*f**2 - 10*f**3 + 38*f**3 - 8*f**3. Determine k(20).
-9
Let l(v) = -v**2 + 11*v + 62. Let t = 1446 - 1431. What is l(t)?
2
Let d(j) = -34*j + 40 - 14 + 35*j + 0*j. Calculate d(-21).
5
Let m(a) = -a**3 - 10*a**2 - 18*a + 23. Suppose 0*y + 6*k = y - 4*y - 21, 0 = 5*k. Determine m(y).
2
Let o(r) be the second derivative of -2*r**3/3 + 20*r. Suppose -4*v + 6 = 4*h + v, -2*h - 4*v = 0. Determine o(h).
-16
Let x(o) = 11*o + 8*o**3 - 7*o**3 + 7*o**2 - 7*o + 8*o. Calculate x(-3).
0
Let m(l) = -398*l - 15917. Let v be m(-40). Let y(u) = -6 + 5*u**2 - 4*u**2 + 2*u + 0*u**2. Give y(v).
9
Let c(p) = 5*p - 60. Let t be c(0). Let l be -7 + t/(-3) + -5. Let x(i) = -i**2 + 6*i + 5. Determine x(l).
-11
Let k(x) = -7*x**2 + 7*x + 17. Let q(r) = r**2 - 2*r - 1. Let t(z) = k(z) + 6*q(z). Suppose -2*m = -0*l + 5*l + 22, -2 = -m + 4*l. What is t(m)?
5
Let t = 4 + -3. Let z(i) = i - 1. Suppose -5*j + 3*m = 24, 20*j = 17*j + 5*m - 8. Let l(b) = 11*b - 4. Let s(a) = j*z(a) + t*l(a). Determine s(3).
17
Let z(d) = -d**3 + 3*d**2 + d - 4. Let s(g) = -g**2 - 15*g + 20. Let r(a) = -11*a + 61. Let v be r(7). Let b be s(v). Calculate z(b).
-16
Let l(p) = -p + 3. Suppose 3*s - 2*k - 236 = -2*s, 2*s - 88 = 4*k. Let g = s + -49. Let u(r) = r**3 - r**2 + 2. Let q be u(g). Give l(q).
3
Let v(h) = -3*h + 26. Suppose -43*q = 162 + 139. Give v(q).
47
Let y(v) = 19*v**3 + 2*v**2 - 1. Let t = 2342 + -2341. Determine y(t).
20
Suppose -4*k + 14 = 5*z + 4, -4*k + 4 = 4*z. Let n(l) = -2*l**2 + 8*l + 6. Calculate n(z).
-18
Suppose -5*q = -3*x - 11 - 30, 4*q - 16 = 0. Let r(b) = -b**3 - 6*b**2 + 6*b - 1. Give r(x).
6
Let q(x) = x**2 - 3*x - 2. Let z be (1236/(-2060))/(6/(-40)). Calculate q(z).
2
Let w(k) = 0*k + 8*k - 1 - 4 + 900*k**2 - 907*k**2 + k**3. Calculate w(6).
7
Let c(o) = 17*o - 42. Let n(q) = 40*q - 86. Let j(m) = -5*c(m) + 2*n(m). Determine j(8).
-2
Suppose 0 = y - 5*u + 7*u - 21, 5*u - 3 = 2*y. Suppose -2*w + y = -3. Let d(t) = -4*t**3 + w*t**3 - 1 + 4*t**3 + 5*t**2 - 4*t**2. Give d(-1).
-7
Let s(n) = -n + 1. Let y be s(11). Let j(r) = 17*r**2 + 4*r + 5. Let f be j(-2). Let x be (-42)/y + (-13)/f. Let d(i) = 2*i**2 - 6*i + 2. What is d(x)?
10
Suppose -39 = 6*q + 57. Let u be (2/(-16))/1 + (-66)/q. Suppose 20 = -5*z + u*y + 54, -4*z + y = -25. Let f(s) = s**2 - 7*s + 3. Calculate f(z).
-3
Suppose 0 = 10*l - 7*l - 108. Suppose -189 = -5*d - h, -2*h = -d + l - 7. Suppose -8 = -d*c + 39*c. Let u(w) = -w**2 - 4*w + 1. Determine u(c).
1
Let j(c) = -c**2 - 8*c - 9. Suppose -5*u + 38 = 2*p, 6*u - 20 = u. Let r(o) = 2*o**3 - 18*o**2 - 7*o - 3. Let q be r(p). Let h = q + 59. What is j(h)?
-2
Let n(u) = 4*u + 1. Let t = 101 + -105. Let j(x) be the third derivative of -5*x**4/24 - 19*x**3/6 + 18*x**2. Let y be j(t). Give n(y).
5
Let x be 30 + 8 + (-15 - -7). Suppose x*a - 11*a + 95 = 0. Let b(t) = -t**2 - 4*t - 1. Calculate b(a).
-6
Let f(q) = 34*q - 14. Let v(g) = 40*g - 12. Let x(n) = 7*f(n) - 6*v(n). Let i(t) = -t**2 - 22*t - 99. Let h be i(-17). Calculate x(h).
2
Let z(j) = 2*j**2 - 4*j + 3. Let r(p) = -335*p - 1340. Let f be r(-4). Calculate z(f).
3
Let q = -187 + 117. Let l be q/15*216/(-84). Let o(v) = -v**3 + 13*v**2 - 10*v - 11. Give o(l).
13
Let j(w) be the third derivative of 0*w + 1/120*w**5 + 0 - 1/3*w**4 + 4/3*w**3 - 5*w**2. Let n(r) be the first derivative of j(r). Give n(8).
0
Let o be -4402 + 4423 + 5/(10/(-56)). Let h(x) = 5*x**2 + x**2 + 1 + 1 + x**3 - 5*x. Give h(o).
-1